{"id":48,"date":"2024-08-04T19:19:48","date_gmt":"2024-08-04T19:19:48","guid":{"rendered":"https:\/\/africatimbers.com\/?page_id=48"},"modified":"2024-08-12T21:47:12","modified_gmt":"2024-08-12T21:47:12","slug":"urunlerimiz","status":"publish","type":"page","link":"https:\/\/africatimbers.com\/?page_id=48","title":{"rendered":"\u00dcr\u00fcnlerimiz"},"content":{"rendered":"\t\t<div data-elementor-type=\"wp-page\" data-elementor-id=\"48\" class=\"elementor elementor-48\">\n\t\t\t\t<div class=\"elementor-element elementor-element-6dff48b e-flex e-con-boxed e-con e-parent\" data-id=\"6dff48b\" data-element_type=\"container\" data-e-type=\"container\">\n\t\t\t\t\t<div class=\"e-con-inner\">\n\t\t\t\t<div class=\"elementor-element elementor-element-92c6d00 elementor-tabs-view-horizontal elementor-widget elementor-widget-tabs\" data-id=\"92c6d00\" data-element_type=\"widget\" data-e-type=\"widget\" data-widget_type=\"tabs.default\">\n\t\t\t\t<div class=\"elementor-widget-container\">\n\t\t\t\t\t\t\t<div class=\"elementor-tabs\">\n\t\t\t<div class=\"elementor-tabs-wrapper\" role=\"tablist\" >\n\t\t\t\t\t\t\t\t\t<div id=\"elementor-tab-title-1531\" class=\"elementor-tab-title elementor-tab-desktop-title\" aria-selected=\"true\" data-tab=\"1\" role=\"tab\" tabindex=\"0\" aria-controls=\"elementor-tab-content-1531\" aria-expanded=\"false\">Iroko<\/div>\n\t\t\t\t\t\t\t\t\t<div id=\"elementor-tab-title-1532\" class=\"elementor-tab-title elementor-tab-desktop-title\" aria-selected=\"false\" data-tab=\"2\" role=\"tab\" tabindex=\"-1\" aria-controls=\"elementor-tab-content-1532\" aria-expanded=\"false\">Sapelli<\/div>\n\t\t\t\t\t\t\t\t\t<div id=\"elementor-tab-title-1533\" class=\"elementor-tab-title elementor-tab-desktop-title\" aria-selected=\"false\" data-tab=\"3\" role=\"tab\" tabindex=\"-1\" aria-controls=\"elementor-tab-content-1533\" aria-expanded=\"false\">Ayous<\/div>\n\t\t\t\t\t\t\t\t\t<div id=\"elementor-tab-title-1534\" class=\"elementor-tab-title elementor-tab-desktop-title\" aria-selected=\"false\" data-tab=\"4\" role=\"tab\" tabindex=\"-1\" aria-controls=\"elementor-tab-content-1534\" aria-expanded=\"false\">Afrormosia<\/div>\n\t\t\t\t\t\t\t<\/div>\n\t\t\t<div class=\"elementor-tabs-content-wrapper\" role=\"tablist\" aria-orientation=\"vertical\">\n\t\t\t\t\t\t\t\t\t<div class=\"elementor-tab-title elementor-tab-mobile-title\" aria-selected=\"true\" data-tab=\"1\" role=\"tab\" tabindex=\"0\" aria-controls=\"elementor-tab-content-1531\" aria-expanded=\"false\">Iroko<\/div>\n\t\t\t\t\t<div id=\"elementor-tab-content-1531\" class=\"elementor-tab-content elementor-clearfix\" data-tab=\"1\" role=\"tabpanel\" aria-labelledby=\"elementor-tab-title-1531\" tabindex=\"0\" hidden=\"false\"><p><img decoding=\"async\" class=\"alignnone size-full wp-image-233\" src=\"http:\/\/africatimbers.com\/wp-content\/uploads\/2024\/08\/4-1_min-1.webp\" alt=\"\" width=\"300\" height=\"164\" \/><\/p><p><strong>Iroko A\u011fac\u0131 Nerelerde Kullan\u0131l\u0131r?<\/strong><\/p><p><strong>Iroko<\/strong>\u00a0a\u011fac\u0131n\u0131n kullan\u0131m\u0131 alanlar\u0131 aras\u0131nda gemi ve bot gibi deniz ta\u015f\u0131tlar\u0131 yap\u0131m\u0131, i\u00e7 ve d\u0131\u015f mekan dekorasyonlar\u0131,\u00a0<a href=\"https:\/\/www.erinoz.com\/bahce-mobilyalari-5\"><strong>mobilya<\/strong><\/a>\u00a0yap\u0131m\u0131 vard\u0131r. Plywood yap\u0131m\u0131nda ve dekoratif kaplama yap\u0131m\u0131nda kullan\u0131l\u0131r. Iroko yap\u0131s\u0131 itibari ile demiryolu ray d\u00f6\u015femelerinde, ba\u011flama kiri\u015flerinde, denizcilik sekt\u00f6r\u00fcnde kullan\u0131l\u0131r.\u0130roko bunlar\u0131n yan\u0131nda i\u00e7 alanlarda yer d\u00f6\u015femesi(parke) olarak\u00a0kullan\u0131l\u0131r.<\/p><p>\u00a0<\/p><p><strong>Iroko A\u011fac\u0131n\u0131n \u00d6zellikleri<\/strong><\/p><p><strong>Iroko\u00a0<\/strong>a\u011fac\u0131n\u0131n rengi alt\u0131n portakal renginden a\u00e7\u0131k kahve rengine ve doygun alt\u0131n kahve rengi gibi renklerde \u00e7e\u015fitlilik g\u00f6stermektedir. \u0130roko a\u011fac\u0131 kabuk alt\u0131 sap k\u0131s\u0131mlarda solgun sar\u0131 renkte, \u00f6ze do\u011fru ise koyula\u015farak teak\u2019 e benzer kahverengini al\u0131r. G\u00f6lgede zamanla rengi koyula\u015fmaktad\u0131r\u00a0ve g\u00fcne\u015fli ortamlarda rengi solarak a\u00e7\u0131kla\u015f\u0131r.\u00a0<strong>Iroko<\/strong>\u00a0ah\u015fab\u0131n\u0131n damarlar\u0131 genellikle birbirine ba\u011fl\u0131d\u0131r fakat bazan d\u00fczensiz b\u00fcy\u00fck desenlerde damarlarda vard\u0131r. \u0130roko a\u011fac\u0131 kalsiyum karbonat maddesi i\u00e7erebilir bu maddeye ta\u015f diyebiliriz.\u00a0<strong>Iroko<\/strong>\u00a0a\u011fac\u0131 h\u0131zl\u0131\u00a0kurur,\u00a0\u00e7o\u011fu makine ve el aleti ile kolayca i\u015flenebilir.<\/p><p>\u00a0<\/p><p>\u0130roko ah\u015fab\u0131 a\u011f\u0131r, sert, ya\u011fl\u0131 ve y\u00fcksek yo\u011funluklu yap\u0131s\u0131 sebebiyle dayan\u0131kl\u0131 mobilyalar\u0131n vazge\u00e7ilmezidir.\u00a0<\/p><\/div>\n\t\t\t\t\t\t\t\t\t<div class=\"elementor-tab-title elementor-tab-mobile-title\" aria-selected=\"false\" data-tab=\"2\" role=\"tab\" tabindex=\"-1\" aria-controls=\"elementor-tab-content-1532\" aria-expanded=\"false\">Sapelli<\/div>\n\t\t\t\t\t<div id=\"elementor-tab-content-1532\" class=\"elementor-tab-content elementor-clearfix\" data-tab=\"2\" role=\"tabpanel\" aria-labelledby=\"elementor-tab-title-1532\" tabindex=\"0\" hidden=\"hidden\"><p><img fetchpriority=\"high\" decoding=\"async\" class=\"alignnone size-medium wp-image-234\" src=\"http:\/\/africatimbers.com\/wp-content\/uploads\/2024\/08\/0e8d7b23-70a6-4656-b22f-eaa0426d1c84-300x225.jpeg\" alt=\"\" width=\"300\" height=\"225\" srcset=\"https:\/\/africatimbers.com\/wp-content\/uploads\/2024\/08\/0e8d7b23-70a6-4656-b22f-eaa0426d1c84-300x225.jpeg 300w, https:\/\/africatimbers.com\/wp-content\/uploads\/2024\/08\/0e8d7b23-70a6-4656-b22f-eaa0426d1c84-768x576.jpeg 768w, https:\/\/africatimbers.com\/wp-content\/uploads\/2024\/08\/0e8d7b23-70a6-4656-b22f-eaa0426d1c84.jpeg 1024w\" sizes=\"(max-width: 300px) 100vw, 300px\" \/><\/p><p><strong>YAPISI:<\/strong><br \/>G\u00f6bek odunlu bir a\u011fa\u00e7t\u0131r. T\u00fcr\u00fcne g\u00f6re bazen \u00e7ok iri, bazen orta irilikte g\u00f6zeneklidir. G\u00f6zenekleri da\u011f\u0131n\u0131k d\u00fczendedir. \u00d6z\u0131\u015f\u0131nlar\u0131 belirlidir. \u00c7izgili, benekli, yollu, dalgal\u0131, par\u0131lt\u0131l\u0131 g\u00f6r\u00fcnen De\u011fi\u015fik maun cinsleri vard\u0131r. Dal diplerinden \u00e7\u0131kar\u0131lan kaplamas\u0131, pratik maun ad\u0131 ile sat\u0131l\u0131r. Piramit maun \u00e7ok canl\u0131 damar s\u00fcsleri ta\u015f\u0131r. Afrika maunu veya sepeti maun ad\u0131 verilen t\u00fcr\u00fc, y\u00f6n de\u011fi\u015ftiren buruk b\u00fcy\u00fcmesi y\u00fcz\u00fcnden ilgin\u00e7 bir yap\u0131sal \u00f6zellik g\u00f6sterir. Yanar d\u00f6ner, uzun par\u0131lt\u0131l\u0131 damarlar yapan bu t\u00fcr maunun masif ve kaplamas\u0131 kullan\u0131ld\u0131\u011f\u0131 asyaya canl\u0131 bir g\u00f6r\u00fcnt\u00fc kazand\u0131r\u0131r. Y\u0131lhalka s\u0131n\u0131rlar\u0131 belirli bi\u00e7imde birbirinden ayr\u0131lmaz.<\/p><p><strong>RENG\u0130:<\/strong><br \/>D\u0131\u015f odunu gri renklidir. \u0130\u00e7 odunu t\u00fcr\u00fcne g\u00f6re sar\u0131 ile k\u0131rm\u0131z\u0131 kahverengi aras\u0131nda de\u011fi\u015fir. Kesildi\u011fi andaki rengi, havan\u0131n etkisi ile ve zamanla belirli oranda koyula\u015f\u0131r.<\/p><p><strong>\u00d6ZELL\u0130KLER\u0130:<\/strong><br \/>S\u0131k\u0131 yap\u0131l\u0131, az esnek bir a\u011fa\u00e7t\u0131r. Kolay ve temiz i\u015flenir. Az \u00e7al\u0131\u015f\u0131r, az \u00e7eker ve az \u00e7atlar. Bol tanelidir. Bu y\u00fczden en iyi boyanan a\u011fa\u00e7lardand\u0131r. \u0130yi verniklenir. De\u011fi\u015fen hava ko\u015fullar\u0131nda bile b\u00fcy\u00fck dayan\u0131m g\u00f6sterir. \u00c7ivi, vida ve tutkalla ba\u011flan\u0131r kurma niteli\u011fi iyidir. B\u00f6cekler ve mikroorganizmalar taraf\u0131ndan kolay y\u0131k\u0131mlanmaz Oyma ve tornada ba\u015far\u0131l\u0131 sonu\u00e7lar verir.<\/p><p><strong>A\u011eIRLI\u011eI:<\/strong><br \/>Hava kurusu maunun \u00f6zg\u00fcl a\u011f\u0131rl\u0131\u011f\u0131 yakla\u015f\u0131k olarak 0.50-0.60 gr\/cm 3 t\u00fcr.<\/p><p><strong>KULLANILI\u015eI:<\/strong><br \/>\u00c7ok de\u011fi\u015fik ama\u00e7larla kullan\u0131labilecek, \u00fcst\u00fcn nitelikleri olan bir a\u011fa\u00e7t\u0131r. Yap\u0131lar\u0131n i\u00e7 ve d\u0131\u015f b\u00f6l\u00fcmlerinde do\u011frama, parke, merdiven yap\u0131m\u0131nda. Gemicilikte, m\u00fczik aletlerinde, tornal\u0131, oymal\u0131, kakmal\u0131 i\u015flerde, modern ve klasik b\u00fct\u00fcn mobilyalarda masif ve kaplama olarak b\u00fcy\u00fck bir kullan\u0131ma sahiptir.<\/p><\/div>\n\t\t\t\t\t\t\t\t\t<div class=\"elementor-tab-title elementor-tab-mobile-title\" aria-selected=\"false\" data-tab=\"3\" role=\"tab\" tabindex=\"-1\" aria-controls=\"elementor-tab-content-1533\" aria-expanded=\"false\">Ayous<\/div>\n\t\t\t\t\t<div id=\"elementor-tab-content-1533\" class=\"elementor-tab-content elementor-clearfix\" data-tab=\"3\" role=\"tabpanel\" aria-labelledby=\"elementor-tab-title-1533\" tabindex=\"0\" hidden=\"hidden\"><p><strong><img decoding=\"async\" class=\"alignnone size-medium wp-image-235\" src=\"http:\/\/africatimbers.com\/wp-content\/uploads\/2024\/08\/Ayous-Kereste-277x300.jpeg\" alt=\"\" width=\"277\" height=\"300\" srcset=\"https:\/\/africatimbers.com\/wp-content\/uploads\/2024\/08\/Ayous-Kereste-277x300.jpeg 277w, https:\/\/africatimbers.com\/wp-content\/uploads\/2024\/08\/Ayous-Kereste.jpeg 420w\" sizes=\"(max-width: 277px) 100vw, 277px\" \/><\/strong><\/p><p><strong>Ayous<\/strong>\u00a0\u0130\u015flemesi \u00e7ok kolay bir a\u011fa\u00e7 t\u00fcr\u00fcd\u00fcr ve liflerinin yap\u0131s\u0131 Kuksa yap\u0131m\u0131na \u00e7ok uygundur. Bardak yap\u0131ld\u0131ktan ve uygun y\u00fczey i\u015flemleri yap\u0131ld\u0131ktan sonra a\u011fa\u00e7, g\u00f6zeneklerinden s\u0131v\u0131y\u0131 s\u0131zd\u0131rmaz. A\u011fac\u0131n yumu\u015fak yap\u0131s\u0131 elle \u00e7al\u0131\u015f\u0131rken \u00e7ok b\u00fcy\u00fck bir kolayl\u0131k sa\u011flar,kolayl\u0131kla oyulabilir.<\/p><p>Bir \u00e7e\u015fit Afrika a\u011fac\u0131d\u0131r. G\u00fcn\u00fcm\u00fczde s\u0131kl\u0131kla\u00a0<strong>sauna \u00fcretiminde<\/strong> kullan\u0131l\u0131yor. hafif, kolay yeti\u015fen, b\u00f6ceklenmeyen ve detay \u00e7al\u0131\u015fmalar\u0131 i\u00e7in elveri\u015fli oldu\u011fundan Afrika heykel sanat\u0131nda, \u00f6zellikle mask \u00fcretiminde \u00f6nemli bir yere sahiptir. Bat\u0131 Afrika, Kamerun, Gana, Gabon, Kongo gibi \u00fclkelerde yeti\u015fen Ayous a\u011fac\u0131, di\u011fer Afrika men\u015feili a\u011fa\u00e7lar\u0131n aras\u0131nda kolay i\u015flenme potansiyeline sahip a\u011fa\u00e7 t\u00fcr\u00fcd\u00fcr ve kolay \u015fekil al\u0131r.Tomruktan kesildi\u011finde ilk halinde beyaz renkte olsa da ile temasa ge\u00e7tikten sonra zamanla sar\u0131 tonlar\u0131na d\u00f6ner.<\/p><p>Yumu\u015fak dokulu bir a\u011fa\u00e7 olmas\u0131ndan dolay\u0131 daha \u00e7ok mobilya enstr\u00fcman yap\u0131m\u0131nda kullan\u0131ld\u0131\u011f\u0131 g\u00f6r\u00fclmektedir.\u00d6zellikle parke olarak de\u011ferlendirildi\u011finde yumu\u015fak dokusu sayesinde zemine olduk\u00e7a kuvvetli yap\u0131\u015f\u0131r. Sauna da kaplama olarak en \u00e7ok kullan\u0131lan t\u00fcrd\u00fcr.<\/p><p><strong>Ayous kereste<\/strong>nin odunu fildi\u015fi, alt\u0131n sar\u0131s\u0131, kahverengimsi sar\u0131 renktedir. Ev aletleri ve makinelerle \u00e7ok kolay i\u015fleme tabi tutulabilir. Ayous kereste yumu\u015fak ve d\u00f6nme riski en d\u00fc\u015f\u00fck a\u011fa\u00e7lardan biridir.Bu da re\u00e7inesiz ve d\u00fcz damar dokuludur. Ayous a\u011fac\u0131 yumu\u015fak bir y\u00fczeye sahip olmas\u0131 ve de y\u00fcksek s\u0131cakl\u0131klarda \u00fczerinde \u0131s\u0131y\u0131 bar\u0131nd\u0131rmamas\u0131ndan dolay\u0131\u00a0<strong>sauna \u00fcretiminde en yayg\u0131n olarak kullan\u0131lan a\u011fa\u00e7t\u0131r<\/strong>.Genellikle saunan\u0131n i\u00e7 mekanlarda kullan\u0131l\u0131r.Ayous a\u011fac\u0131 saunan\u0131n en \u00f6nemli unsurlar\u0131ndan saunay\u0131 kullanan ki\u015finin cildi direkt veya dolayl\u0131 olarak mutlaka bu ah\u015fapla temas edecektir.<\/p><p><strong>Ayous a\u011fac\u0131,kontraplak yap\u0131m\u0131nda, mobilya k\u0131s\u0131mlar\u0131nda,karoser u\u00e7ak ve resim \u00e7er\u00e7evesi yap\u0131m\u0131nda m\u00fczik aletlerinde, org ve piyanolarda, protez, ambalaj kaplar\u0131 yap\u0131m\u0131nda,end\u00fcstriyel anlamda sauna kullan\u0131l\u0131r.<\/strong>Hobi alan\u0131nda ise gemi sar\u0131m \u00e7\u0131talar\u0131nda,maket ve mimari modellerde,u\u00e7ak modelcili\u011finde, oymac\u0131l\u0131\u011f\u0131nda ,avu\u00e7 i\u00e7i iskarpela oymas\u0131nda s\u0131kl\u0131kla tercih edilir. ve ka\u011f\u0131t end\u00fcstrisinde halk dilinde a\u011fac\u0131 olarak bilinir.\u00c7ok hafif ve yumu\u015fakt\u0131r.<strong>Maket b\u0131\u00e7a\u011f\u0131yla bile kesilebilir.<\/strong><\/p><\/div>\n\t\t\t\t\t\t\t\t\t<div class=\"elementor-tab-title elementor-tab-mobile-title\" aria-selected=\"false\" data-tab=\"4\" role=\"tab\" tabindex=\"-1\" aria-controls=\"elementor-tab-content-1534\" aria-expanded=\"false\">Afrormosia<\/div>\n\t\t\t\t\t<div id=\"elementor-tab-content-1534\" class=\"elementor-tab-content elementor-clearfix\" data-tab=\"4\" role=\"tabpanel\" aria-labelledby=\"elementor-tab-title-1534\" tabindex=\"0\" hidden=\"hidden\"><p><img loading=\"lazy\" decoding=\"async\" class=\"alignnone size-full wp-image-236\" src=\"http:\/\/africatimbers.com\/wp-content\/uploads\/2024\/08\/indir.jpeg\" alt=\"\" width=\"259\" height=\"194\" \/><\/p><p><strong>\u0130\u015flenme \u00d6zellikleri:<\/strong>\u00a0\u0130yi i\u015flenir. K\u00f6rle\u015ftirme etkisi azd\u0131r. \u00c7ivileme ve vidalamada \u00f6n delme i\u015flemine gerek vard\u0131r. \u0130yi yap\u0131\u015ft\u0131r\u0131l\u0131r ve tornalan\u0131r. \u00c7ok iyi cila kabul eder. Tanen ihtiva etti\u011finden rutubetli halde demirle temas etti\u011finde renklenmeler meydana gelir. Kestane a\u011fac\u0131nda oldu\u011fu gibi termitlere ve deniz hayvanlar\u0131na kar\u015f\u0131 diren\u00e7lidir.<\/p><p><strong>Kullan\u0131\u015f Yerleri<\/strong><\/p><ul><li>Gemi yap\u0131m\u0131nda,<\/li><li>Marangozluk i\u015flerinde<\/li><li>mobilya,<\/li><li>lambri,<\/li><li>pencere do\u011framalar\u0131nda,<\/li><li>parke yap\u0131m\u0131nda,<\/li><li>k\u00f6pr\u00fc ve liman in\u015faat\u0131nda tornac\u0131l\u0131k,<\/li><li>oymac\u0131l\u0131k ve markieride kullan\u0131l\u0131r.<\/li><\/ul><p>Teak yerine, \u201c Gold Teak\u201d ad\u0131 alt\u0131nda kullan\u0131lan bir a\u011fa\u00e7 t\u00fcr\u00fcd\u00fcr.<\/p><\/div>\n\t\t\t\t\t\t\t<\/div>\n\t\t<\/div>\n\t\t\t\t\t\t<\/div>\n\t\t\t\t<\/div>\n\t\t\t\t\t<\/div>\n\t\t\t\t<\/div>\n\t\t\t\t<\/div>\n\t\t","protected":false},"excerpt":{"rendered":"<p>Iroko Sapelli Ayous Afrormosia Iroko Iroko A\u011fac\u0131 Nerelerde Kullan\u0131l\u0131r? Iroko\u00a0a\u011fac\u0131n\u0131n kullan\u0131m\u0131 alanlar\u0131 aras\u0131nda gemi ve bot gibi deniz ta\u015f\u0131tlar\u0131 yap\u0131m\u0131, i\u00e7 ve d\u0131\u015f mekan dekorasyonlar\u0131,\u00a0mobilya\u00a0yap\u0131m\u0131 vard\u0131r. Plywood yap\u0131m\u0131nda ve dekoratif kaplama yap\u0131m\u0131nda kullan\u0131l\u0131r. Iroko yap\u0131s\u0131 itibari ile demiryolu ray d\u00f6\u015femelerinde, ba\u011flama kiri\u015flerinde, denizcilik sekt\u00f6r\u00fcnde kullan\u0131l\u0131r.\u0130roko bunlar\u0131n yan\u0131nda i\u00e7 alanlarda yer d\u00f6\u015femesi(parke) olarak\u00a0kullan\u0131l\u0131r. \u00a0 Iroko A\u011fac\u0131n\u0131n [&hellip;]<\/p>\n","protected":false},"author":1,"featured_media":0,"parent":0,"menu_order":0,"comment_status":"closed","ping_status":"closed","template":"","meta":{"footnotes":""},"class_list":["post-48","page","type-page","status-publish","hentry"],"_links":{"self":[{"href":"https:\/\/africatimbers.com\/index.php?rest_route=\/wp\/v2\/pages\/48","targetHints":{"allow":["GET"]}}],"collection":[{"href":"https:\/\/africatimbers.com\/index.php?rest_route=\/wp\/v2\/pages"}],"about":[{"href":"https:\/\/africatimbers.com\/index.php?rest_route=\/wp\/v2\/types\/page"}],"author":[{"embeddable":true,"href":"https:\/\/africatimbers.com\/index.php?rest_route=\/wp\/v2\/users\/1"}],"replies":[{"embeddable":true,"href":"https:\/\/africatimbers.com\/index.php?rest_route=%2Fwp%2Fv2%2Fcomments&post=48"}],"version-history":[{"count":4,"href":"https:\/\/africatimbers.com\/index.php?rest_route=\/wp\/v2\/pages\/48\/revisions"}],"predecessor-version":[{"id":239,"href":"https:\/\/africatimbers.com\/index.php?rest_route=\/wp\/v2\/pages\/48\/revisions\/239"}],"wp:attachment":[{"href":"https:\/\/africatimbers.com\/index.php?rest_route=%2Fwp%2Fv2%2Fmedia&parent=48"}],"curies":[{"name":"wp","href":"https:\/\/api.w.org\/{rel}","templated":true}]}}